{"id":9890,"date":"2023-07-12T14:34:04","date_gmt":"2023-07-12T12:34:04","guid":{"rendered":"https:\/\/www.teol.se\/?page_id=9890"},"modified":"2025-01-09T16:41:09","modified_gmt":"2025-01-09T15:41:09","slug":"goran-lennartsson","status":"publish","type":"page","link":"https:\/\/www.teol.se\/en\/about-sst\/administration-and-faculty\/goran-lennartsson\/","title":{"rendered":"G\u00f6ran Lennartsson"},"content":{"rendered":"<p>[et_pb_section fb_built=&#8221;1&#8243; _builder_version=&#8221;4.20.4&#8243; _module_preset=&#8221;default&#8221; background_color=&#8221;#f4edea&#8221; custom_padding=&#8221;0px||0px||true|false&#8221; locked=&#8221;off&#8221; global_colors_info=&#8221;{}&#8221;][et_pb_row column_structure=&#8221;1_2,1_2&#8243; use_custom_gutter=&#8221;on&#8221; gutter_width=&#8221;2&#8243; make_equal=&#8221;on&#8221; custom_padding_last_edited=&#8221;on|phone&#8221; _builder_version=&#8221;4.22.1&#8243; _module_preset=&#8221;default&#8221; width=&#8221;100%&#8221; max_width=&#8221;100%&#8221; custom_margin=&#8221;||||false|false&#8221; custom_padding=&#8221;0px||0px||false|false&#8221; custom_padding_tablet=&#8221;0px||0px||false|false&#8221; custom_padding_phone=&#8221;0px||30px||false|false&#8221; global_colors_info=&#8221;{}&#8221;][et_pb_column type=&#8221;1_2&#8243; _builder_version=&#8221;4.20.4&#8243; _module_preset=&#8221;default&#8221; global_colors_info=&#8221;{}&#8221;][et_pb_image src=&#8221;https:\/\/www.teol.se\/wp-content\/uploads\/2025\/01\/JAx241210x0198-1-scaled.jpg&#8221; title_text=&#8221;JAx241210x0198 (1)&#8221; show_bottom_space=&#8221;off&#8221; align_tablet=&#8221;center&#8221; align_phone=&#8221;center&#8221; align_last_edited=&#8221;on|phone&#8221; _builder_version=&#8221;4.27.4&#8243; _module_preset=&#8221;default&#8221; min_height=&#8221;65vh&#8221; min_height_tablet=&#8221;65vh&#8221; min_height_phone=&#8221;65vh&#8221; min_height_last_edited=&#8221;on|desktop&#8221; hover_enabled=&#8221;0&#8243; global_colors_info=&#8221;{}&#8221; sticky_enabled=&#8221;0&#8243;][\/et_pb_image][\/et_pb_column][et_pb_column type=&#8221;1_2&#8243; _builder_version=&#8221;4.22.1&#8243; _module_preset=&#8221;default&#8221; custom_padding=&#8221;200px||120px||false|false&#8221; custom_padding_tablet=&#8221;20px|80px|40px|80px|false|true&#8221; custom_padding_phone=&#8221;|40px|20px|40px|false|true&#8221; custom_padding_last_edited=&#8221;on|phone&#8221; global_colors_info=&#8221;{}&#8221;][et_pb_text _builder_version=&#8221;4.21.0&#8243; _module_preset=&#8221;default&#8221; header_text_color=&#8221;#004b64&#8243; header_3_font=&#8221;Inter|700|||||||&#8221; header_3_font_size=&#8221;27px&#8221; global_colors_info=&#8221;{}&#8221;]<\/p>\n<h1>Doctor of Theology G\u00f6ran Lennartsson<\/h1>\n<p>[\/et_pb_text][et_pb_text _builder_version=&#8221;4.27.4&#8243; _module_preset=&#8221;default&#8221; text_font=&#8221;|700|||||||&#8221; global_colors_info=&#8221;{}&#8221;]<\/p>\n<h3><strong>\u00bbI am a church planter\u00ab<\/strong><\/h3>\n<p>[\/et_pb_text][\/et_pb_column][\/et_pb_row][\/et_pb_section][et_pb_section fb_built=&#8221;1&#8243; _builder_version=&#8221;4.21.0&#8243; _module_preset=&#8221;default&#8221; locked=&#8221;off&#8221; global_colors_info=&#8221;{}&#8221;][et_pb_row custom_padding_last_edited=&#8221;on|phone&#8221; _builder_version=&#8221;4.21.0&#8243; _module_preset=&#8221;default&#8221; custom_margin=&#8221;||||false|false&#8221; custom_padding=&#8221;0px|150px|0px|150px|false|true&#8221; custom_padding_tablet=&#8221;|0px||0px|false|true&#8221; custom_padding_phone=&#8221;|0px||0px|false|true&#8221; global_colors_info=&#8221;{}&#8221;][et_pb_column type=&#8221;4_4&#8243; _builder_version=&#8221;4.20.4&#8243; _module_preset=&#8221;default&#8221; global_colors_info=&#8221;{}&#8221;][et_pb_text _builder_version=&#8221;4.27.4&#8243; _module_preset=&#8221;default&#8221; header_3_font=&#8221;Inter|700|||||||&#8221; header_3_font_size=&#8221;16px&#8221; header_4_font=&#8221;Inter|700|||||||&#8221; hover_enabled=&#8221;0&#8243; global_colors_info=&#8221;{}&#8221; sticky_enabled=&#8221;0&#8243;]<\/p>\n<p>G\u00f6ran Lennartsson is a Pentecostal pastor and theologian. He grew up in the Pentecostal movement and was shaped by the revival period that marked his home church in S\u00f6dert\u00e4lje during the 1960s and 70s. After completing an engineering degree, he nurtured his interest in the Bible through university studies, culminating in a Bachelor of Theology degree from Uppsala in 1979.<\/p>\n<p>He has been a full-time preacher since 1980, initially working as a staff member in Filadelfia H\u00f6gsby in Sm\u00e5land and later in Filadelfia Stockholm, where he was responsible for the suburban congregation in Tyres\u00f6 for about five years.<\/p>\n<p>G\u00f6ran worked internationally through Ibra Radio for a few years and was then based in the Middle East for a decade. His role included training leaders from across the Arab world.<\/p>\n<p>With 30 years of experience in theological education, half of which has been at the academic level, G\u00f6ran\u2019s interest in Israel, the Jewish people, and the Jewish background of the Christian faith stems from his upbringing. Since the mid-1980s, it has concretely involved working with Jewish-Christian relations. His studies in Jerusalem during the 1970s, his living there during the 1990s, and numerous study trips with Scandinavian and international Christian leaders have made Jerusalem a \u2018second hometown\u2019 for him.<\/p>\n<p>He earned a Doctor of Theology in New Testament Exegesis in Lund in 2007, with his dissertation titled <em>Refreshing &amp; Restoration: Two Eschatological Motifs in Acts 3:19-21.<\/em><\/p>\n<p>He is the author of the books <em>Inympad: Om kristendomens judiska r\u00f6tter<\/em> (Grafted: On the Jewish Roots of Christianity, Dagenhuset, 1995) and <em>Barnabas, mentor &amp; andlig pelare<\/em> (Barnabas, Mentor &amp; Spiritual Pillar, Didasko, 2009). He is also a co-author in <em>Bibeltro \u2013 nio teologer om bibelsyn och bibelbruk<\/em> (Bible Faith \u2013 Nine Theologians on Biblical View and Use, STH Academic, 2022). He writes theological articles, including for the journal <em>Shalom \u00f6ver Israel<\/em>.<\/p>\n<p>G\u00f6ran has daughters, Judith and Esther, and lives with his wife, Tatta, in Uppsala. They are both active in the Pentecostal Church of Uppsala. Now retired, he has not fully retired and regularly preaches. He spends his free time on a renovation project in northern Uppland and enjoys animals and nature, often with a camera on his shoulder.<\/p>\n<p>[\/et_pb_text][et_pb_text _builder_version=&#8221;4.27.4&#8243; _module_preset=&#8221;default&#8221; header_3_font=&#8221;Inter|700|||||||&#8221; header_3_font_size=&#8221;16px&#8221; header_4_font=&#8221;Inter|700|||||||&#8221; locked=&#8221;off&#8221; global_colors_info=&#8221;{}&#8221;]<\/p>\n<h4>Doctor of Theology G\u00f6ran Lennartsson<\/h4>\n<p><strong>Part-time Teacher in:<\/strong> New Testament Exegesis, specializing in its Jewish background<\/p>\n<h4>Degrees and Qualifications:<\/h4>\n<ul>\n<li>Doctor of Theology, Lund University<\/li>\n<li>Bachelor of Theology, Uppsala University<\/li>\n<\/ul>\n<h4>Publications:<\/h4>\n<ul>\n<li><em>Inympad: Om kristendomens judiska r\u00f6tter<\/em> (Grafted: On the Jewish Roots of Christianity). Dagenhuset, 1995<\/li>\n<li><em>Barnabas, mentor &amp; andlig pelare<\/em> (Barnabas, Mentor &amp; Spiritual Pillar). Didasko, 2009<\/li>\n<li><em>Bibeltro &#8211; nio teologer om bibelsyn och bibelbruk<\/em> (Bible Faith &#8211; Nine Theologians on Biblical View and Use) [Anthology]. STH Academic, 2022<\/li>\n<\/ul>\n<p>He also writes theological articles, including for the journal <em>Shalom \u00f6ver Israel<\/em>.<\/p>\n<p>[\/et_pb_text][\/et_pb_column][\/et_pb_row][et_pb_row disabled_on=&#8221;on|on|on&#8221; module_class=&#8221;rad-undermenyer-knappar&#8221; _builder_version=&#8221;4.21.0&#8243; _module_preset=&#8221;default&#8221; width=&#8221;90%&#8221; max_width=&#8221;2000px&#8221; module_alignment=&#8221;center&#8221; custom_padding=&#8221;20px||0px||false|false&#8221; disabled=&#8221;on&#8221; global_colors_info=&#8221;{}&#8221;][et_pb_column type=&#8221;4_4&#8243; _builder_version=&#8221;4.21.0&#8243; _module_preset=&#8221;default&#8221; global_colors_info=&#8221;{}&#8221;][et_pb_button button_url=&#8221;https:\/\/www.teol.se\/om-sth\/larare-och-personal\/goran-lennartsson\/examina-och-publikationer-goran-lennartsson\/&#8221; button_text=&#8221;Examina och publikationer&#8221; button_alignment=&#8221;center&#8221; module_class=&#8221;knapp-stil-1&#8243; _builder_version=&#8221;4.21.0&#8243; _module_preset=&#8221;default&#8221; custom_button=&#8221;on&#8221; button_border_color=&#8221;#004b64&#8243; button_icon=&#8221;&#x24;||divi||400&#8243; button_on_hover=&#8221;off&#8221; custom_margin=&#8221;||20px||false|false&#8221; global_colors_info=&#8221;{}&#8221;][\/et_pb_button][\/et_pb_column][\/et_pb_row][\/et_pb_section]<\/p>\n","protected":false},"excerpt":{"rendered":"<p>Doctor of Theology G\u00f6ran Lennartsson\u00bbI am a church planter\u00abG\u00f6ran Lennartsson is a Pentecostal pastor and theologian. He grew up in the Pentecostal movement and was shaped by the revival period [&hellip;]<\/p>\n","protected":false},"author":1,"featured_media":0,"parent":9846,"menu_order":0,"comment_status":"closed","ping_status":"closed","template":"","meta":{"_acf_changed":false,"_et_pb_use_builder":"on","_et_pb_old_content":"","_et_gb_content_width":"","footnotes":""},"class_list":["post-9890","page","type-page","status-publish","hentry"],"acf":[],"_links":{"self":[{"href":"https:\/\/www.teol.se\/en\/wp-json\/wp\/v2\/pages\/9890","targetHints":{"allow":["GET"]}}],"collection":[{"href":"https:\/\/www.teol.se\/en\/wp-json\/wp\/v2\/pages"}],"about":[{"href":"https:\/\/www.teol.se\/en\/wp-json\/wp\/v2\/types\/page"}],"author":[{"embeddable":true,"href":"https:\/\/www.teol.se\/en\/wp-json\/wp\/v2\/users\/1"}],"replies":[{"embeddable":true,"href":"https:\/\/www.teol.se\/en\/wp-json\/wp\/v2\/comments?post=9890"}],"version-history":[{"count":5,"href":"https:\/\/www.teol.se\/en\/wp-json\/wp\/v2\/pages\/9890\/revisions"}],"predecessor-version":[{"id":10101,"href":"https:\/\/www.teol.se\/en\/wp-json\/wp\/v2\/pages\/9890\/revisions\/10101"}],"up":[{"embeddable":true,"href":"https:\/\/www.teol.se\/en\/wp-json\/wp\/v2\/pages\/9846"}],"wp:attachment":[{"href":"https:\/\/www.teol.se\/en\/wp-json\/wp\/v2\/media?parent=9890"}],"curies":[{"name":"wp","href":"https:\/\/api.w.org\/{rel}","templated":true}]}}

Göran Lennartsson

<p>[et_pb_section fb_built=&#8221;1&#8243; _builder_version=&#8221;4.20.4&#8243; _module_preset=&#8221;default&#8221; background_color=&#8221;#f4edea&#8221; custom_padding=&#8221;0px||0px||true|false&#8221; locked=&#8221;off&#8221; global_colors_info=&#8221;{}&#8221;][et_pb_row column_structure=&#8221;1_2,1_2&#8243; use_custom_gutter=&#8221;on&#8221; gutter_width=&#8221;2&#8243; make_equal=&#8221;on&#8221; custom_padding_last_edited=&#8221;on|phone&#8221; _builder_version=&#8221;4.22.1&#8243; _module_preset=&#8221;default&#8221; width=&#8221;100%&#8221; max_width=&#8221;100%&#8221; custom_margin=&#8221;||||false|false&#8221; custom_padding=&#8221;0px||0px||false|false&#8221; custom_padding_tablet=&#8221;0px||0px||false|false&#8221; custom_padding_phone=&#8221;0px||30px||false|false&#8221; global_colors_info=&#8221;{}&#8221;][et_pb_column type=&#8221;1_2&#8243; _builder_version=&#8221;4.20.4&#8243; _module_preset=&#8221;default&#8221; global_colors_info=&#8221;{}&#8221;][et_pb_image src=&#8221;https://www.teol.se/wp-content/uploads/2025/01/JAx241210x0198-1-scaled.jpg&#8221; title_text=&#8221;JAx241210x0198 (1)&#8221; show_bottom_space=&#8221;off&#8221; align_tablet=&#8221;center&#8221; align_phone=&#8221;center&#8221; align_last_edited=&#8221;on|phone&#8221; _builder_version=&#8221;4.27.4&#8243; _module_preset=&#8221;default&#8221; min_height=&#8221;65vh&#8221; min_height_tablet=&#8221;65vh&#8221; min_height_phone=&#8221;65vh&#8221; min_height_last_edited=&#8221;on|desktop&#8221; hover_enabled=&#8221;0&#8243; global_colors_info=&#8221;{}&#8221; sticky_enabled=&#8221;0&#8243;][/et_pb_image][/et_pb_column][et_pb_column type=&#8221;1_2&#8243; _builder_version=&#8221;4.22.1&#8243; _module_preset=&#8221;default&#8221; custom_padding=&#8221;200px||120px||false|false&#8221; custom_padding_tablet=&#8221;20px|80px|40px|80px|false|true&#8221; custom_padding_phone=&#8221;|40px|20px|40px|false|true&#8221; custom_padding_last_edited=&#8221;on|phone&#8221; global_colors_info=&#8221;{}&#8221;][et_pb_text _builder_version=&#8221;4.21.0&#8243; _module_preset=&#8221;default&#8221; header_text_color=&#8221;#004b64&#8243; header_3_font=&#8221;Inter|700|||||||&#8221; header_3_font_size=&#8221;27px&#8221; global_colors_info=&#8221;{}&#8221;]</p>
<h1>Doctor of Theology Göran Lennartsson</h1>
<p>[/et_pb_text][et_pb_text _builder_version=&#8221;4.27.4&#8243; _module_preset=&#8221;default&#8221; text_font=&#8221;|700|||||||&#8221; global_colors_info=&#8221;{}&#8221;]</p>
<h3><strong>»I am a church planter«</strong></h3>
<p>[/et_pb_text][/et_pb_column][/et_pb_row][/et_pb_section][et_pb_section fb_built=&#8221;1&#8243; _builder_version=&#8221;4.21.0&#8243; _module_preset=&#8221;default&#8221; locked=&#8221;off&#8221; global_colors_info=&#8221;{}&#8221;][et_pb_row custom_padding_last_edited=&#8221;on|phone&#8221; _builder_version=&#8221;4.21.0&#8243; _module_preset=&#8221;default&#8221; custom_margin=&#8221;||||false|false&#8221; custom_padding=&#8221;0px|150px|0px|150px|false|true&#8221; custom_padding_tablet=&#8221;|0px||0px|false|true&#8221; custom_padding_phone=&#8221;|0px||0px|false|true&#8221; global_colors_info=&#8221;{}&#8221;][et_pb_column type=&#8221;4_4&#8243; _builder_version=&#8221;4.20.4&#8243; _module_preset=&#8221;default&#8221; global_colors_info=&#8221;{}&#8221;][et_pb_text _builder_version=&#8221;4.27.4&#8243; _module_preset=&#8221;default&#8221; header_3_font=&#8221;Inter|700|||||||&#8221; header_3_font_size=&#8221;16px&#8221; header_4_font=&#8221;Inter|700|||||||&#8221; hover_enabled=&#8221;0&#8243; global_colors_info=&#8221;{}&#8221; sticky_enabled=&#8221;0&#8243;]</p>
<p>Göran Lennartsson is a Pentecostal pastor and theologian. He grew up in the Pentecostal movement and was shaped by the revival period that marked his home church in Södertälje during the 1960s and 70s. After completing an engineering degree, he nurtured his interest in the Bible through university studies, culminating in a Bachelor of Theology degree from Uppsala in 1979.</p>
<p>He has been a full-time preacher since 1980, initially working as a staff member in Filadelfia Högsby in Småland and later in Filadelfia Stockholm, where he was responsible for the suburban congregation in Tyresö for about five years.</p>
<p>Göran worked internationally through Ibra Radio for a few years and was then based in the Middle East for a decade. His role included training leaders from across the Arab world.</p>
<p>With 30 years of experience in theological education, half of which has been at the academic level, Göran’s interest in Israel, the Jewish people, and the Jewish background of the Christian faith stems from his upbringing. Since the mid-1980s, it has concretely involved working with Jewish-Christian relations. His studies in Jerusalem during the 1970s, his living there during the 1990s, and numerous study trips with Scandinavian and international Christian leaders have made Jerusalem a ‘second hometown’ for him.</p>
<p>He earned a Doctor of Theology in New Testament Exegesis in Lund in 2007, with his dissertation titled <em>Refreshing &amp; Restoration: Two Eschatological Motifs in Acts 3:19-21.</em></p>
<p>He is the author of the books <em>Inympad: Om kristendomens judiska rötter</em> (Grafted: On the Jewish Roots of Christianity, Dagenhuset, 1995) and <em>Barnabas, mentor &amp; andlig pelare</em> (Barnabas, Mentor &amp; Spiritual Pillar, Didasko, 2009). He is also a co-author in <em>Bibeltro – nio teologer om bibelsyn och bibelbruk</em> (Bible Faith – Nine Theologians on Biblical View and Use, STH Academic, 2022). He writes theological articles, including for the journal <em>Shalom över Israel</em>.</p>
<p>Göran has daughters, Judith and Esther, and lives with his wife, Tatta, in Uppsala. They are both active in the Pentecostal Church of Uppsala. Now retired, he has not fully retired and regularly preaches. He spends his free time on a renovation project in northern Uppland and enjoys animals and nature, often with a camera on his shoulder.</p>
<p>[/et_pb_text][et_pb_text _builder_version=&#8221;4.27.4&#8243; _module_preset=&#8221;default&#8221; header_3_font=&#8221;Inter|700|||||||&#8221; header_3_font_size=&#8221;16px&#8221; header_4_font=&#8221;Inter|700|||||||&#8221; locked=&#8221;off&#8221; global_colors_info=&#8221;{}&#8221;]</p>
<h4>Doctor of Theology Göran Lennartsson</h4>
<p><strong>Part-time Teacher in:</strong> New Testament Exegesis, specializing in its Jewish background</p>
<h4>Degrees and Qualifications:</h4>
<ul>
<li>Doctor of Theology, Lund University</li>
<li>Bachelor of Theology, Uppsala University</li>
</ul>
<h4>Publications:</h4>
<ul>
<li><em>Inympad: Om kristendomens judiska rötter</em> (Grafted: On the Jewish Roots of Christianity). Dagenhuset, 1995</li>
<li><em>Barnabas, mentor &amp; andlig pelare</em> (Barnabas, Mentor &amp; Spiritual Pillar). Didasko, 2009</li>
<li><em>Bibeltro &#8211; nio teologer om bibelsyn och bibelbruk</em> (Bible Faith &#8211; Nine Theologians on Biblical View and Use) [Anthology]. STH Academic, 2022</li>
</ul>
<p>He also writes theological articles, including for the journal <em>Shalom över Israel</em>.</p>
<p>[/et_pb_text][/et_pb_column][/et_pb_row][et_pb_row disabled_on=&#8221;on|on|on&#8221; module_class=&#8221;rad-undermenyer-knappar&#8221; _builder_version=&#8221;4.21.0&#8243; _module_preset=&#8221;default&#8221; width=&#8221;90%&#8221; max_width=&#8221;2000px&#8221; module_alignment=&#8221;center&#8221; custom_padding=&#8221;20px||0px||false|false&#8221; disabled=&#8221;on&#8221; global_colors_info=&#8221;{}&#8221;][et_pb_column type=&#8221;4_4&#8243; _builder_version=&#8221;4.21.0&#8243; _module_preset=&#8221;default&#8221; global_colors_info=&#8221;{}&#8221;][et_pb_button button_url=&#8221;https://www.teol.se/om-sth/larare-och-personal/goran-lennartsson/examina-och-publikationer-goran-lennartsson/&#8221; button_text=&#8221;Examina och publikationer&#8221; button_alignment=&#8221;center&#8221; module_class=&#8221;knapp-stil-1&#8243; _builder_version=&#8221;4.21.0&#8243; _module_preset=&#8221;default&#8221; custom_button=&#8221;on&#8221; button_border_color=&#8221;#004b64&#8243; button_icon=&#8221;&#x24;||divi||400&#8243; button_on_hover=&#8221;off&#8221; custom_margin=&#8221;||20px||false|false&#8221; global_colors_info=&#8221;{}&#8221;][/et_pb_button][/et_pb_column][/et_pb_row][/et_pb_section]</p>

<p>Doctor of Theology Göran Lennartsson»I am a church planter«Göran Lennartsson is a Pentecostal pastor and theologian. He grew up in the Pentecostal movement and was shaped by the revival period [&hellip;]</p>
